{"id":69,"date":"2024-03-25T13:29:08","date_gmt":"2024-03-25T13:29:08","guid":{"rendered":"https:\/\/lider.kagramat.us.edu.pl\/?page_id=69"},"modified":"2024-03-26T22:19:29","modified_gmt":"2024-03-26T22:19:29","slug":"aparatura","status":"publish","type":"page","link":"https:\/\/lider.kagramat.us.edu.pl\/index.php\/aparatura\/","title":{"rendered":"Aparatura"},"content":{"rendered":"<p>Dysponujemy laboratoriami chemicznymi do przygotowania materia\u0142\u00f3w i ich charakterystyki strukturalnej i elektrochemicznej.<\/p>\n<p>Podstawowe urz\u0105dzenia wykorzystywane do bada\u0144:<\/p>\n<ul>\n<li>piece wysokotemperaturowe Czylok do ok. 1750 stopni Celsjusza<\/li>\n<li>dyfraktometr rentgenowski Rigaku Denki D\/Max Rapid II z rotuj\u0105c\u0105 srebrn\u0105 anod\u0105<\/li>\n<li>dyfraktometr rentgenowski Empyrean Panalytical z lamp\u0105 miedziow\u0105<\/li>\n<li>spektrometr i mikroskop Ramanowski<\/li>\n<li>rentgenowski spektrometr fluorescencyjny<\/li>\n<li>piknometr helowy<\/li>\n<li>analizator porowato\u015bci i powierzchni w\u0142a\u015bciwej<\/li>\n<li>mikroskopy SEM i TEM<\/li>\n<li>komora r\u0119kawicowa tleno- i wodoszczelna do sk\u0142adania ogniw litowo-jonowych<\/li>\n<li>potencjostaty\/galwanostaty<\/li>\n<li>m\u0142ynki wibracyjne i kulowe.<\/li>\n<\/ul>\n<p style=\"text-align: right;\">Ponadto wsp\u00f3\u0142pracujemy z innymi jednostkami naukowo-badawczymi w zakresie bada\u0144 fizyko-chemicznych. Prowadzimy tak\u017ce badania z u\u017cyciem promieniowania synchrotronowego (metody SAXS, WAXS). Ponadto, wsp\u00f3\u0142pracujemy z przemys\u0142em, prowadzimy badania naukowe i przeprowadzamy procesy obr\u00f3bki termicznej, np. z firm\u0105 Tokai Cobex.<\/p>\n","protected":false},"excerpt":{"rendered":"<p>Dysponujemy laboratoriami chemicznymi do przygotowania materia\u0142\u00f3w i ich charakterystyki strukturalnej i elektrochemicznej. Podstawowe urz\u0105dzenia wykorzystywane do bada\u0144: piece wysokotemperaturowe Czylok do ok. 1750 stopni Celsjusza dyfraktometr rentgenowski Rigaku Denki D\/Max Rapid II z rotuj\u0105c\u0105 srebrn\u0105 anod\u0105 dyfraktometr rentgenowski Empyrean Panalytical z lamp\u0105 miedziow\u0105 spektrometr i mikroskop Ramanowski rentgenowski spektrometr fluorescencyjny piknometr helowy analizator porowato\u015bci i [&hellip;]<\/p>\n","protected":false},"author":1,"featured_media":0,"parent":0,"menu_order":0,"comment_status":"closed","ping_status":"closed","template":"","meta":{"footnotes":""},"_links":{"self":[{"href":"https:\/\/lider.kagramat.us.edu.pl\/index.php\/wp-json\/wp\/v2\/pages\/69"}],"collection":[{"href":"https:\/\/lider.kagramat.us.edu.pl\/index.php\/wp-json\/wp\/v2\/pages"}],"about":[{"href":"https:\/\/lider.kagramat.us.edu.pl\/index.php\/wp-json\/wp\/v2\/types\/page"}],"author":[{"embeddable":true,"href":"https:\/\/lider.kagramat.us.edu.pl\/index.php\/wp-json\/wp\/v2\/users\/1"}],"replies":[{"embeddable":true,"href":"https:\/\/lider.kagramat.us.edu.pl\/index.php\/wp-json\/wp\/v2\/comments?post=69"}],"version-history":[{"count":5,"href":"https:\/\/lider.kagramat.us.edu.pl\/index.php\/wp-json\/wp\/v2\/pages\/69\/revisions"}],"predecessor-version":[{"id":146,"href":"https:\/\/lider.kagramat.us.edu.pl\/index.php\/wp-json\/wp\/v2\/pages\/69\/revisions\/146"}],"wp:attachment":[{"href":"https:\/\/lider.kagramat.us.edu.pl\/index.php\/wp-json\/wp\/v2\/media?parent=69"}],"curies":[{"name":"wp","href":"https:\/\/api.w.org\/{rel}","templated":true}]}}